ue
Does 49 divide 8330?
True
Does 28 divide 840?
True
Is 17 a factor of 2936?
False
Does 28 divide 616?
True
Does 12 divide 1109?
False
Does 65 divide 4810?
True
Is 665 a multiple of 19?
True
Is 2 a factor of 2553?
False
Does 418 divide 17065?
False
Is 4 a factor of 14388?
True
Does 70 divide 53867?
False
Does 17 divide 255?
True
Is 13 a factor of 188?
False
Does 15 divide 5820?
True
Is 4 a factor of 1614?
False
Is 246 a multiple of 69?
False
Is 7219 a multiple of 11?
False
Does 172 divide 2981?
False
Does 50 divide 9900?
True
Is 16 a factor of 24382?
False
Is 32 a multiple of 4?
True
Is 1088 a multiple of 14?
False
Is 12 a factor of 14376?
True
Does 3 divide 326?
False
Is 11 a factor of 20054?
False
Does 16 divide 78?
False
Does 3 divide 165?
True
Is 378 a multiple of 42?
True
Does 2 divide 749?
False
Does 8 divide 311?
False
Is 96 a multiple of 11?
False
Is 11 a factor of 1496?
True
Does 64 divide 384?
True
Is 1202 a multiple of 6?
False
Is 4 a factor of 235?
False
Is 8240 a multiple of 19?
False
Is 3 a factor of 24771?
True
Is 1899 a multiple of 34?
False
Does 28 divide 1624?
True
Does 40 divide 12080?
True
Does 143 divide 40355?
False
Does 52 divide 2883?
False
Is 93 a factor of 57288?
True
Is 802 a multiple of 25?
False
Is 22 a factor of 13148?
False
Is 163 a factor of 8150?
True
Does 10 divide 1799?
False
Is 1378 a multiple of 13?
True
Does 22 divide 526?
False
Is 9 a factor of 1953?
True
Is 66 a factor of 98365?
False
Does 10 divide 527?
False
Is 9 a factor of 180?
True
Does 114 divide 2394?
True
Is 385 a multiple of 35?
True
Does 14 divide 1078?
True
Does 234 divide 22392?
False
Is 1834 a multiple of 11?
False
Does 69 divide 762?
False
Is 102 a multiple of 4?
False
Is 15 a factor of 4651?
False
Does 6 divide 1350?
True
Is 412 a multiple of 11?
False
Does 10 divide 8833?
False
Is 871 a multiple of 4?
False
Is 13 a factor of 2301?
True
Is 47 a factor of 737?
False
Is 20244 a multiple of 39?
False
Does 53 divide 477?
True
Does 4 divide 3092?
True
Is 99 a factor of 3497?
False
Is 3 a factor of 177?
True
Does 2 divide 61?
False
Is 34089 a multiple of 11?
True
Is 871 a multiple of 11?
False
Is 12494 a multiple of 92?
False
Is 14 a factor of 17616?
False
Is 98 a multiple of 23?
False
Is 20026 a multiple of 162?
False
Is 104 a multiple of 15?
False
Is 3 a factor of 90?
True
Does 9 divide 226?
False
Does 17 divide 517?
False
Does 91 divide 5528?
False
Does 69 divide 21142?
False
Is 958 a multiple of 13?
False
Is 44 a factor of 19668?
True
Is 4 a factor of 124?
True
Is 13 a factor of 5713?
False
Is 2438 a multiple of 23?
True
Is 55 a factor of 1210?
True
Is 11 a factor of 36575?
True
Is 22 a factor of 1684?
False
Is 64 a factor of 30464?
True
Does 9 divide 7452?
True
Does 17 divide 7360?
False
Does 21 divide 4109?
False
Does 17 divide 595?
True
Is 28 a factor of 140?
True
Does 39 divide 1287?
True
Is 5068 a multiple of 13?
False
Is 902 a multiple of 24?
False
Is 185 a factor of 12580?
True
Is 4 a factor of 144?
True
Does 73 divide 6424?
True
Is 124596 a multiple of 12?
True
Is 10608 a multiple of 17?
True
Does 17 divide 8330?
True
Is 11 a factor of 1055?
False
Is 165 a multiple of 18?
False
Does 27 divide 4249?
False
Is 1980 a multiple of 20?
True
Is 1881 a multiple of 57?
True
Is 89 a factor of 8277?
True
Is 6088 a multiple of 11?
False
Does 21 divide 2773?
False
Is 17850 a multiple of 75?
True
Is 12 a factor of 79728?
True
Is 2 a factor of 1754?
True
Is 6 a factor of 86?
False
Does 21 divide 777?
True
Is 19 a factor of 1348?
False
Is 246 a multiple of 2?
True
Is 13 a factor of 6474?
True
Is 9196 a multiple of 209?
True
Is 10 a factor of 113?
False
Does 138 divide 61824?
True
Is 28348 a multiple of 19?
True
Does 84 divide 1680?
True
Is 17853 a multiple of 22?
False
Is 4 a factor of 7725?
False
Is 12 a factor of 516?
True
Is 355 a multiple of 12?
False
Is 23 a factor of 1794?
True
Is 7 a factor of 14061?
False
Is 19 a factor of 578?
False
Is 24 a factor of 3816?
True
Is 7 a factor of 4583?
False
Is 1763 a multiple of 26?
False
Is 33 a factor of 2610?
False
Is 929 a multiple of 7?
False
Is 7 a factor of 2855?
False
Is 15 a factor of 2360?
False
Is 11084 a multiple of 34?
True
Does 3 divide 496?
False
Does 42 divide 672?
True
Does 6 divide 1479?
False
Is 3 a factor of 1987?
False
Is 6370 a multiple of 98?
True
Does 13 divide 637?
True
Is 14 a factor of 199463?
False
Is 17 a factor of 412?
False
Is 4705 a multiple of 70?
False
Does 2 divide 220?
True
Does 44 divide 544?
False
Is 610 a multiple of 10?
True
Does 31 divide 3301?
False
Does 16 divide 464?
True
Is 580 a multiple of 10?
True
Is 11 a factor of 399?
False
Does 32 divide 9184?
True
Is 22 a factor of 220?
True
Is 46 a factor of 31794?
False
Is 31812 a multiple of 11?
True
Is 28792 a multiple of 24?
False
Does 19 divide 171?
True
Does 13 divide 6006?
True
Is 1344 a multiple of 56?
True
Does 20 divide 1140?
True
Is 4 a factor of 3033?
False
Does 44 divide 3991?
False
Is 59 a factor of 3540?
True
Is 75 a factor of 900?
True
Is 50 a factor of 2900?
True
Is 5313 a multiple of 21?
True
Is 275 a multiple of 11?
True
Is 12 a factor of 14125?
False
Does 31 divide 2003?
False
Does 22 divide 3578?
False
Does 31 divide 837?
True
Is 1947 a multiple of 2?
False
Does 431 divide 15085?
True
Is 4 a factor of 52?
True
Is 61 a factor of 34282?
True
Is 61809 a multiple of 11?
True
Does 21 divide 1743?
True
Is 14 a multiple of 14?
True
Is 17 a factor of 119?
True
Is 488 a multiple of 37?
False
Is 2119 a multiple of 19?
False
Is 7 a factor of 987?
True
Does 30 divide 1241?
False
Is 17971 a multiple of 361?
False
Does 19 divide 3328?
False
Does 26 divide 5788?
False
Does 45 divide 1170?
True
Is 17 a factor of 408?
True
Is 35 a factor of 280?
True
Is 17 a factor of 1000?
False
Does 29 divide 781?
False
Does 27 divide 1641?
False
Is 33 a factor of 1419?
True
Is 13 a factor of 6348?
False
Does 63 divide 819?
True
Is 47380 a multiple of 12?
False
Is 20 a factor of 1840?
True
Does 11 divide 253?
True
Is 12 a factor of 714?
False
Is 402 a multiple of 36?
False
Is 20 a factor of 360?
True
Does 39 divide 429?
True
Is 35 a multiple of 35?
True
Does 10 divide 734?
False
Does 13 divide 676?
True
Is 12528 a multiple of 58?
True
Is 44 a factor of 12540?
True
Is 42 a factor of 84?
True
Is 3328 a multiple of 128?
True
Is 82 a factor of 10742?
True
Does 66 divide 2678?
False
Is 5 a factor of 7145?
True
Does 5 divide 2505?
True
Does 39 divide 3484?
False
Is 4590 a multiple of 34?
True
Does 13 divide 33644?
True
Does 9 divide 154?
False
Is 14214 a multiple of 69?
True
Is 17338 a multiple of 19?
False
Is 61 a factor of 18100?
False
Does 21 divide 19509?
True
Is 18 a factor of 5220?
True
Is 60 a factor of 840?
True
Is 2504 a multiple of 8?
True
Does 8 divide 1456?
True
Is 112 a factor of 46610?
False
Does 22 divide 359?
False
Is 15 a factor of 321?
False
Is 45 a factor of 2160?
True
Is 101 a factor of 1515?
True
Is 360 a multiple of 15?
True
Is 123 a factor of 7352?
False
Does 8 divide 217?
False
Is 340 a multiple of 4?
True
Does 11 divide 85855?
True
Is 87 a factor of 353?
False
Does 10 divide 285?
False
Does 7 divide 5187?
True
Does 39 divide 708?
False
Is 7918 a multiple of 26?
False
Is 40 a factor of 1651?
False
Is 1540 a multiple of 46?
False
Is 15 a factor of 2000?
False
Is 928 a multiple of 4?
True
Is 27 a factor of 2362?
False
Is 12144 a multiple of 46?
True
Is 28 a factor of 250?
False
Is 19 a factor of 1045?
True
Does 28 divide 308?
True
Is 29785 a multiple of 259?
True
Is 3430 a multiple of 14?
True
Is 1311 a multiple of 69?
True
Is 22 a factor of 4434?
False
Is 31 a factor of 212?
False
Is 20 a factor of 22501?
False
Is 38 a factor of 16644?
True
Is 14 a factor of 3290?
True
Is 11 a factor of 7183?
True
Is 222 a multiple of 74?
True
Is 17 a factor of 1097?
False
Is 15 a factor of 185?
False
Is 2 a factor of 1836?
True
Is 11540 a multiple of 58?
False
Does 21 divide 195?
False
Does 85 divide 12928?
False
Is 17 a factor of 765?
True
Does 58 divide 348?
True
Does 16 divide 1392?
True
Is 680 a multiple of 34?
True
Is 280 a multiple of 14?
True
Is 5 a factor of 14815?
True
Is 39296 a multiple of 6?
False
Does 18 divide 9214?
False
Is 87 a factor of 4925?
False
Is 4030 a multiple of 20?
False
Does 43 divide 1629?
False
Doe